{"id":12698,"date":"2020-01-19T20:32:17","date_gmt":"2020-01-19T19:32:17","guid":{"rendered":"https:\/\/www.colingua.be\/?page_id=12698"},"modified":"2023-02-03T16:55:07","modified_gmt":"2023-02-03T15:55:07","slug":"des-interpretes-au-niveau-europeen","status":"publish","type":"page","link":"https:\/\/www.colingua.be\/fr\/interpretation\/des-interpretes-au-niveau-europeen\/","title":{"rendered":"Des interpr\u00e8tes au niveau europ\u00e9en"},"content":{"rendered":"<p>Notre<a href=\"https:\/\/www.colingua.be\/fr\/interpretation\/des-interpretes-de-conferences-a-bruxelles\/\"><span style=\"color: #ffffff;\"> <strong>agence d&rsquo;interpr\u00e9tation de Bruxelles<\/strong><\/span><\/a> est sp\u00e9cialis\u00e9e dans les affaires europ\u00e9ennes. Nos <span style=\"color: #ffffff;\"><a style=\"color: #ffffff;\" href=\"https:\/\/www.colingua.be\/fr\/interpretation\/\"><strong>interpr\u00e8tes de conf\u00e9rences<\/strong><\/a><\/span> <em>traduisent<\/em> r\u00e9guli\u00e8rement pour des <span style=\"color: #ffffff;\"><a style=\"color: #ffffff;\" href=\"https:\/\/www.colingua.be\/fr\/interpretariat-en-ligne-efus\/\"><strong>associations europ\u00e9ennes<\/strong><\/a><\/span>. Nos interpr\u00e8tes se rendent d&rsquo;ailleurs r\u00e9guli\u00e8rement au <span style=\"color: #ffffff;\"><a style=\"color: #ffffff;\" href=\"https:\/\/www.europarl.europa.eu\/\" target=\"_blank\" rel=\"noopener\">Parlement europ\u00e9en<\/a><\/span> ou au <span style=\"color: #ffffff;\"><a style=\"color: #ffffff;\" href=\"https:\/\/cor.europa.eu\/fr\" target=\"_blank\" rel=\"noopener\">Comit\u00e9 europ\u00e9en des R\u00e9gions<\/a><\/span> \u00e0 l&rsquo;occasion de conf\u00e9rences organis\u00e9es par des d\u00e9put\u00e9s europ\u00e9ens ou des ONG.<\/p>\n<p>En travaillant avec <strong><span style=\"color: #ffffff;\"><a style=\"color: #ffffff;\" href=\"https:\/\/www.colingua.be\/fr\/agence-de-traduction\/\">Colingua<\/a><\/span><\/strong>, vous serez toujours en contact avec un <span style=\"color: #ffffff;\"><strong>interpr\u00e8te de conf\u00e9rence<\/strong><\/span> pour la pr\u00e9paration de votre \u00e9v\u00e9nement. Nous r\u00e9pondrons pr\u00e9cis\u00e9ment \u00e0 vos questions (sur les <strong><span style=\"color: #ffffff;\"><a style=\"color: #ffffff;\" href=\"https:\/\/www.colingua.be\/fr\/materiel-interpretation-conferences\/cabines-interpretation-conferences\/\">cabines d&rsquo;interpr\u00e9tation<\/a><\/span>\u00a0<\/strong>ou la mani\u00e8re de travailler avec de l&rsquo;<span style=\"color: #ffffff;\"><a style=\"color: #ffffff;\" href=\"https:\/\/www.colingua.be\/fr\/interpretation\/interpretation-simultanee-en-cabine\/\"><strong>interpr\u00e9tation simultan\u00e9e<\/strong><\/a><\/span>, par exemple). Nous pourrons \u00e9galement vous conseiller pour que la diversit\u00e9 linguistique de votre \u00e9v\u00e9nement ne soit pas un obstacle.<\/p>\n<p>Cette approche a conduit notre<strong>\u00a0<span style=\"color: #ffffff;\">agence d&rsquo;interpr\u00e8tes de Bruxelles<\/span><\/strong>\u00a0\u00e0 travailler pour de nombreux clients europ\u00e9ens, dont :<\/p>\n<ul>\n<li><span style=\"color: #ffffff;\"><a style=\"color: #ffffff;\" href=\"https:\/\/www.colingua.be\/fr\/interpretes-pour-le-reseau-europeen-des-migrations-a-bruxelles-2019\/\">R\u00e9seau europ\u00e9en des migrations<\/a><\/span><\/li>\n<li><span style=\"color: #ffffff;\"><a style=\"color: #ffffff;\" href=\"https:\/\/www.colingua.be\/fr\/interpretes-a-bruxelles-pour-le-reseau-europeen-de-formation-judiciaire\/\">R\u00e9seau europ\u00e9en de formation judiciaire<\/a><\/span><\/li>\n<li><span style=\"color: #ffffff;\"><a style=\"color: #ffffff;\" href=\"https:\/\/www.colingua.be\/fr\/interpretes-pour-evenements-europeens\/\">Conf\u00e9rence Union europ\u00e9enne &#8211; Pays d&rsquo;Am\u00e9r<span style=\"color: #ffffff;\">ique latine\u00a0<\/span><\/a><\/span><\/li>\n<li><span style=\"color: #ffffff;\"><a style=\"color: #ffffff;\" href=\"https:\/\/www.colingua.be\/fr\/agence-d-interpretes-de-conference-a-bruxelles-pour-l-uer\/\">Union europ\u00e9enne de radio-t\u00e9l\u00e9vision<\/a><\/span><\/li>\n<li><span style=\"color: #ffffff;\"><a style=\"color: #ffffff;\" href=\"https:\/\/www.colingua.be\/fr\/bureau-traduction-interpretation-pour-l-osce-a-bruxelles\/\">OSCE<\/a><\/span><\/li>\n<li><span style=\"color: #ffffff;\"><a style=\"color: #ffffff;\" href=\"https:\/\/www.colingua.be\/fr\/interpretes-pour-ocde-a-bruxelles\/\">OCDE<\/a><\/span><\/li>\n<li><span style=\"color: #ffffff;\"><a style=\"color: #ffffff;\" href=\"https:\/\/www.colingua.be\/fr\/interpretes-associations-europeennes-bruxelles-eurada\/\">Association europ\u00e9enne des agences de d\u00e9veloppement (Eurada)<\/a><\/span><\/li>\n<\/ul>\n<p><span style=\"color: #ffffff;\"><a style=\"color: #ffffff;\" href=\"https:\/\/www.colingua.be\/fr\/materiel-interpretation-conferences\/cabines-interpretation-conferences-mobiles\/\"><strong>D\u00e9couvrez nos cabines d\u2019interpr\u00e8tes<\/strong><\/a><\/span><\/p>\n","protected":false},"excerpt":{"rendered":"<p>Notre agence d&rsquo;interpr\u00e9tation de Bruxelles est sp\u00e9cialis\u00e9e dans les affaires europ\u00e9ennes. Nos interpr\u00e8tes de conf\u00e9rences traduisent r\u00e9guli\u00e8rement pour des associations europ\u00e9ennes. Nos interpr\u00e8tes se rendent d&rsquo;ailleurs r\u00e9guli\u00e8rement au Parlement europ\u00e9en ou au Comit\u00e9 europ\u00e9en des R\u00e9gions \u00e0 l&rsquo;occasion de conf\u00e9rences organis\u00e9es par des d\u00e9put\u00e9s europ\u00e9ens ou des ONG. En travaillant avec Colingua, vous serez toujours [&hellip;]<\/p>\n","protected":false},"author":2,"featured_media":12742,"parent":8,"menu_order":1,"comment_status":"closed","ping_status":"closed","template":"page-landing.php","meta":{"_acf_changed":false,"footnotes":""},"class_list":["post-12698","page","type-page","status-publish","has-post-thumbnail","hentry"],"acf":[],"_links":{"self":[{"href":"https:\/\/www.colingua.be\/fr\/wp-json\/wp\/v2\/pages\/12698"}],"collection":[{"href":"https:\/\/www.colingua.be\/fr\/wp-json\/wp\/v2\/pages"}],"about":[{"href":"https:\/\/www.colingua.be\/fr\/wp-json\/wp\/v2\/types\/page"}],"author":[{"embeddable":true,"href":"https:\/\/www.colingua.be\/fr\/wp-json\/wp\/v2\/users\/2"}],"replies":[{"embeddable":true,"href":"https:\/\/www.colingua.be\/fr\/wp-json\/wp\/v2\/comments?post=12698"}],"version-history":[{"count":29,"href":"https:\/\/www.colingua.be\/fr\/wp-json\/wp\/v2\/pages\/12698\/revisions"}],"predecessor-version":[{"id":21095,"href":"https:\/\/www.colingua.be\/fr\/wp-json\/wp\/v2\/pages\/12698\/revisions\/21095"}],"up":[{"embeddable":true,"href":"https:\/\/www.colingua.be\/fr\/wp-json\/wp\/v2\/pages\/8"}],"wp:featuredmedia":[{"embeddable":true,"href":"https:\/\/www.colingua.be\/fr\/wp-json\/wp\/v2\/media\/12742"}],"wp:attachment":[{"href":"https:\/\/www.colingua.be\/fr\/wp-json\/wp\/v2\/media?parent=12698"}],"curies":[{"name":"wp","href":"https:\/\/api.w.org\/{rel}","templated":true}]}}

Des interprètes au niveau européen

<p>Notre<a href="https://www.colingua.be/fr/interpretation/des-interpretes-de-conferences-a-bruxelles/"><span style="color: #ffffff;"> <strong>agence d&rsquo;interprétation de Bruxelles</strong></span></a> est spécialisée dans les affaires européennes. Nos <span style="color: #ffffff;"><a style="color: #ffffff;" href="https://www.colingua.be/fr/interpretation/"><strong>interprètes de conférences</strong></a></span> <em>traduisent</em> régulièrement pour des <span style="color: #ffffff;"><a style="color: #ffffff;" href="https://www.colingua.be/fr/interpretariat-en-ligne-efus/"><strong>associations européennes</strong></a></span>. Nos interprètes se rendent d&rsquo;ailleurs régulièrement au <span style="color: #ffffff;"><a style="color: #ffffff;" href="https://www.europarl.europa.eu/" target="_blank" rel="noopener">Parlement européen</a></span> ou au <span style="color: #ffffff;"><a style="color: #ffffff;" href="https://cor.europa.eu/fr" target="_blank" rel="noopener">Comité européen des Régions</a></span> à l&rsquo;occasion de conférences organisées par des députés européens ou des ONG.</p>
<p>En travaillant avec <strong><span style="color: #ffffff;"><a style="color: #ffffff;" href="https://www.colingua.be/fr/agence-de-traduction/">Colingua</a></span></strong>, vous serez toujours en contact avec un <span style="color: #ffffff;"><strong>interprète de conférence</strong></span> pour la préparation de votre événement. Nous répondrons précisément à vos questions (sur les <strong><span style="color: #ffffff;"><a style="color: #ffffff;" href="https://www.colingua.be/fr/materiel-interpretation-conferences/cabines-interpretation-conferences/">cabines d&rsquo;interprétation</a></span> </strong>ou la manière de travailler avec de l&rsquo;<span style="color: #ffffff;"><a style="color: #ffffff;" href="https://www.colingua.be/fr/interpretation/interpretation-simultanee-en-cabine/"><strong>interprétation simultanée</strong></a></span>, par exemple). Nous pourrons également vous conseiller pour que la diversité linguistique de votre événement ne soit pas un obstacle.</p>
<p>Cette approche a conduit notre<strong> <span style="color: #ffffff;">agence d&rsquo;interprètes de Bruxelles</span></strong> à travailler pour de nombreux clients européens, dont :</p>
<ul>
<li><span style="color: #ffffff;"><a style="color: #ffffff;" href="https://www.colingua.be/fr/interpretes-pour-le-reseau-europeen-des-migrations-a-bruxelles-2019/">Réseau européen des migrations</a></span></li>
<li><span style="color: #ffffff;"><a style="color: #ffffff;" href="https://www.colingua.be/fr/interpretes-a-bruxelles-pour-le-reseau-europeen-de-formation-judiciaire/">Réseau européen de formation judiciaire</a></span></li>
<li><span style="color: #ffffff;"><a style="color: #ffffff;" href="https://www.colingua.be/fr/interpretes-pour-evenements-europeens/">Conférence Union européenne &#8211; Pays d&rsquo;Amér<span style="color: #ffffff;">ique latine </span></a></span></li>
<li><span style="color: #ffffff;"><a style="color: #ffffff;" href="https://www.colingua.be/fr/agence-d-interpretes-de-conference-a-bruxelles-pour-l-uer/">Union européenne de radio-télévision</a></span></li>
<li><span style="color: #ffffff;"><a style="color: #ffffff;" href="https://www.colingua.be/fr/bureau-traduction-interpretation-pour-l-osce-a-bruxelles/">OSCE</a></span></li>
<li><span style="color: #ffffff;"><a style="color: #ffffff;" href="https://www.colingua.be/fr/interpretes-pour-ocde-a-bruxelles/">OCDE</a></span></li>
<li><span style="color: #ffffff;"><a style="color: #ffffff;" href="https://www.colingua.be/fr/interpretes-associations-europeennes-bruxelles-eurada/">Association européenne des agences de développement (Eurada)</a></span></li>
</ul>
<p><span style="color: #ffffff;"><a style="color: #ffffff;" href="https://www.colingua.be/fr/materiel-interpretation-conferences/cabines-interpretation-conferences-mobiles/"><strong>Découvrez nos cabines d’interprètes</strong></a></span></p>

<p>Notre agence d&rsquo;interprétation de Bruxelles est spécialisée dans les affaires européennes. Nos interprètes de conférences traduisent régulièrement pour des associations européennes. Nos interprètes se rendent d&rsquo;ailleurs régulièrement au Parlement européen ou au Comité européen des Régions à l&rsquo;occasion de conférences organisées par des députés européens ou des ONG. En travaillant avec Colingua, vous serez toujours [&hellip;]</p>
